5*p = j. Let k(y) = y**3 - y**2 + y - 7. Determine k(w).
-7
Let u(a) = a**3 + 5*a**2 - 6*a - 6. Let n(o) = o**3 - 2*o**2 + 4*o**2 - o**2 - 6. Let q be n(0). Calculate u(q).
-6
Suppose -x = -3*x. Let g(p) be the third derivative of p**6/120 - 2*p**3 + 4*p**2. What is g(x)?
-12
Let m = -7 + 5. Let f(x) = x**3 + x**2 - 2*x. Calculate f(m).
0
Let w(l) = -l + 3. Let q(g) = 5*g**3 - g**2 - 2*g - 1. Let u(h) = 6*h**3 - h - 2. Let i(y) = -5*q(y) + 4*u(y). Let k be i(6). Give w(k).
6
Let j(n) = n**3 - n**2 - 2. Let c = 4 + -1. Let x(v) = 2*v - 4. Let t be x(c). Let l be j(t). Let b(f) = -f**2 - 2*f + 1. Determine b(l).
-7
Let q be (8/(-1))/4 + 10. Suppose 5*d - q = -l, -4*d + 8 = 4*l - 8. Let t(o) be the third derivative of -o**5/12 + o**4/12 - o**3/6 + o**2. Determine t(d).
-4
Let c(t) = 3*t**2 + 3*t + 4. Let q(v) = -2*v**2 - 3*v - 3. Let m(s) = 4*c(s) + 5*q(s). What is m(2)?
3
Let t(g) = -4 + g**2 - 3*g - 1 - 2*g. What is t(5)?
-5
Suppose -5*u + 12 = 3*j - 0*j, 1 = -u - 4*j. Suppose -6 = u*o - 0. Let w(y) = 2*y**2 + 4*y + 3. Determine w(o).
3
Let v = -11 + 6. Let i(q) be the third derivative of q**5/60 + q**4/24 - 5*q**3/6 + 63*q**2. Give i(v).
15
Let v(n) = -n + 1. Let m(x) = 4*x - 4. Let p(z) = 2*m(z) + 9*v(z). Give p(0).
1
Let t(n) be the second derivative of n**3 - n**2/2 + 10*n. Let r = -2 + 1. Determine t(r).
-7
Suppose 3*j + 0*j = 12. Let l(r) = 5*r**2 - 7*r + 2. Let f(t) = -13*t + 17*t**2 + 7 - 3*t**2 - 8*t. Let x(z) = -4*f(z) + 11*l(z). What is x(j)?
6
Let f(p) = -p**3 + 3*p**2 + 4. Let m(i) = -9*i + 7 + 6*i + 2*i + 2*i. Let t be m(-4). Give f(t).
4
Let w(q) be the third derivative of -q**4/24 + 2*q**3/3 - 18*q**2. Give w(5).
-1
Let s(h) = -h**2 - 7*h + 3. Suppose -2*j + 9 = 25. Determine s(j).
-5
Let a(d) = 0*d - 2*d + 4*d - 7 + 0*d + d**2. Let t be a(-4). Let c(y) = -y**3 + 2*y - 1. Determine c(t).
0
Let o(u) = u**2 + 4*u + 1. Suppose -45 = 2*k - 7*k. Suppose 3*h + k = 3*a, -4*h = a + 23 - 1. Determine o(a).
-3
Let z = -3 - -5. Let k be 4/16 - (-22)/8. Let r(s) = s**3 - k + 2 - s + 0*s. Determine r(z).
5
Let z(c) be the third derivative of -c**7/2520 + c**6/90 - c**5/15 + c**4/12 - 2*c**2. Let t(p) be the second derivative of z(p). Give t(6).
4
Let h(k) = 2*k - 4. Suppose 6 = -y - y. What is h(y)?
-10
Suppose 2*t - t + 3*w + 14 = 0, -3*t + 4*w = -10. Let u(x) = -x**2 - x. Calculate u(t).
-2
Let f = -11 + 8. Let s(c) = -2*c + 1. Let v(p) = -p. Let g be ((-1)/2)/(5/(-30)). Let i(w) = g*v(w) - 2*s(w). Calculate i(f).
-5
Let x(c) = 4*c**2 - c - 8 - c**3 + 1 + 3 - c**2. Give x(3).
-7
Let d = 7 + -4. Suppose 5*j = 3*j - d*v - 4, -10 = 5*v. Let a(f) = -5*f + 1 - 4 + 4. Calculate a(j).
-4
Let b(y) = 3*y - 1. Let s be b(1). Let q(t) = 2*t**2 - 7*t + 0*t**2 + 6 - t**s. Let z(i) = i**3 - 3*i**2 - 2*i - 3. Let v be z(4). Calculate q(v).
-4
Let s(c) = -74*c**2 - 75*c**2 + 150*c**2 - 7 - 4*c. Determine s(5).
-2
Let k(t) = -4*t**2 - t. Let n be 96/(-44) - 8/(-44). Give k(n).
-14
Let n(v) = -2*v - 1. Let g = -130 - -204. Let y be (-22)/(-77) + g/(-14). Give n(y).
9
Let h be (5/15)/((-1)/(-21)). Let j(p) = -p**2 + 8*p + 5. What is j(h)?
12
Let b(g) = -4*g**2 - 15*g - 15. Let k(p) = -3*p**2 - 10*p - 10. Let d(v) = 5*b(v) - 7*k(v). Give d(5).
-5
Let j(a) = -11*a + 6. Let o(z) = -10*z + 5. Let x(m) = 6*j(m) - 7*o(m). Determine x(1).
5
Let z(p) = p**3 + 4*p**2 - 2*p - 1. Let q(m) = m**2 + 8*m + 8. Let j be q(-6). Determine z(j).
7
Let w be 2/3*6/(-4). Let k = w + 2. Let b(c) = 7*c**2 + 2*c - 1. Give b(k).
8
Let d(q) = q + q**2 - 2 + 0*q**2 + 0*q**2. Let r be (-4)/(-6)*(4 - 1). Determine d(r).
4
Let d(c) = -2*c**2 + 5*c + 5. Let a(t) = 4 - 3*t**2 - 5 + 10 + 9*t. Let r(m) = -3*a(m) + 5*d(m). Let h(v) be the first derivative of r(v). Give h(3).
-8
Let q be (-4)/(-6)*105/10. Suppose d + 4 - q = 0. Let l(j) = -2*j + 4*j - d*j - 1. Calculate l(-2).
1
Let p(d) be the third derivative of -d**4/8 + d**3/3 - 10*d**2. What is p(2)?
-4
Let b(z) = -20*z**2 - 26*z - 6. Let q(n) = 7*n**2 + 9*n + 2. Let g(s) = -6*b(s) - 17*q(s). What is g(-2)?
0
Let t(v) = v + 9. Let p be t(-7). Let w(q) = 2*q - q - q**2 - 4*q**p. Let u be 4/(-10) - 35/(-25). Determine w(u).
-4
Let k(y) = y**3 - 4*y**2 - 2*y + 3. Suppose -2*r - 4 - 8 = 0. Let o(v) = v - 4. Let d(m) = -m + 5. Let j(f) = r*d(f) - 7*o(f). Let p be j(-6). Determine k(p).
-5
Let c be 30/8 - (-1)/4. Let s(f) be the second derivative of 1/2*f**2 - 1/12*f**4 + 0 + 2*f + 2/3*f**3. Calculate s(c).
1
Let m(t) = -2 + 5 - 2. Let b(h) = 2*h + 1. Let j(z) = -b(z) + 4*m(z). What is j(3)?
-3
Let l = -4 - -4. Let m = 2 + 0. Let k(q) = -2*q**3 + 4 + 2*q**3 + q - q**m - q**3. Calculate k(l).
4
Let k(x) = -x**2 - 5*x - 2. Let h be 7/((-7)/(-3)) + -4. Let s be 13/(-4) + h/(-4). What is k(s)?
4
Let f = 2 - 4. Let d(b) = -4*b**2 - b - 2*b**3 - b + 0*b**3. What is d(f)?
4
Let f(c) be the third derivative of -c**4/24 + c**3/3 + 6*c**2. Give f(1).
1
Let q(u) = -u**2 - 7*u + 5. Let r be 1/(((-30)/(-36))/(-5)). Calculate q(r).
11
Let k(j) = 11*j**2 - 3*j - 6. Let r(g) = -5*g**2 + g + 3. Let v(a) = 6*k(a) + 13*r(a). Calculate v(5).
3
Suppose -2*a + 4*m + 6 = a, 4*m = a - 2. Let x(n) = 4*n + 6. Let w(d) = -5*d - 7. Let j(k) = a*w(k) + 3*x(k). Give j(-3).
-2
Let v(g) = g**2 - 3. Let o = 138 - 141. Calculate v(o).
6
Let k = -2 - -1. Let v(n) = -8 + 6*n + 9 - 2*n. Calculate v(k).
-3
Let l(t) be the first derivative of 7*t**2/2 - 4*t - 5. Let w(m) = -13*m + 8. Let z(s) = -11*l(s) - 6*w(s). Calculate z(0).
-4
Suppose 36 = 11*k - 2*k. Let c(j) be the second derivative of 0 - 1/6*j**3 + 1/12*j**k + 2*j + 1/20*j**5 - 3*j**2. Give c(0).
-6
Let v = 23 + -17. Let t(u) = -u**2 + 7*u - 2. Give t(v).
4
Let o = 4 + -4. Let h = o + -5. Let u(t) = -t**3 - 4*t**2 + 7*t + 7. Give u(h).
-3
Suppose 1 = -4*s - 3. Let c(h) = -2*h - 2*h**2 - 1 + h - h. Give c(s).
-1
Let m(o) = o**3 + 2*o**2 - 3*o - 3. Let d = -5 - -9. Let y be 0/4 + d/1. Suppose -7 = y*f + t, -4*t - 2 = 5*f - 7. What is m(f)?
-3
Let x(h) be the third derivative of h**6/120 - h**5/30 + h**4/24 - 2*h**3/3 - 10*h**2. What is x(3)?
8
Suppose 2*x - 4*v = -2*v, 4*v = -2*x - 18. Let i(o) = 2*o - 4. Let y(l) be the first derivative of l**2/2 - 2*l + 1. Let f(c) = 3*i(c) - 5*y(c). Determine f(x).
-5
Let r(d) be the third derivative of -d**6/120 + d**5/30 + d**4/24 - d**3/3 - 3*d**2. Let y be 9/((-9)/(-2)) - -1. Give r(y).
-8
Let l(b) = b**2 + 0 - 2*b + 0*b + 3. Let d = 4 - 0. Determine l(d).
11
Let p = -23 + 15. Let o be p/40 - 12/(-10). Suppose -x + 5*f - 5 = 0, -5*x + 2*f - o - 24 = 0. Let j(k) = -k**3 - 5*k**2 + k + 7. Calculate j(x).
2
Suppose 3*b + y + 21 = 0, -5 = 5*y - 20. Let u = b + 7. Let v(k) = -5*k**3 - 1 + 5*k**3 - k + 2*k**3. Give v(u).
-2
Let u(c) = 5*c - 3*c + 5*c + 5 - 3*c. Determine u(-4).
-11
Let b(c) = c**3 - 3*c**2 + c - 1. Let t be -4*(-3)/9*6/4. What is b(t)?
-3
Let a(f) = f - 1. Let c(y) = -5*y + 3. Let w(r) = 9*a(r) + 2*c(r). Let s(q) = 16*q + 44. Let b(h) = 6*s(h) + 88*w(h). What is b(-1)?
-8
Let p = -3 - -11. Let w(g) = -3 - g + 2*g + p - 4. Calculate w(5).
6
Let m(f) = 5*f - 3*f + 2 - 3. Let a(g) = 4*g + 4. Let z = 21 - 23. Let s be a(z). Give m(s).
-9
Let x(a) = -2*a**3 - 4*a**2 - 3*a - 1. Let h be x(-1). Let g(k) = k**2 - 6. What is g(h)?
-6
Let l(o) = o**3 + 3*o + 2*o**3 - 2*o**3 - 3*o**2. Let w = 343 + -341. Determine l(w).
2
Let v(o) be the third derivative of o**5/60 + o**4/8 - o**3/2 - 7*o**2 - 3. Calculate v(-4).
1
Let w(i) be the second derivative of 8*i**3/3 - 34*i. Calculate w(-1).
-16
Let s = -20 + 20. Let v(w) = -5*w - 6. Let k(o) = 4*o + 5. Suppose 4*u = -3 - 9. Let y(d) = u*v(d) - 4*k(d). Calculate y(s).
-2
Let r(m) = -m - 1. Let w(z) = -2*z + 2. Suppose 3 = -x + 4*x. Let s = x - -2. Let d(f) = s*r(f) - w(f). Give d(-3).
-2
Let u(a) = 3*a**3 + a**2 + 6*a - 2. Let d(h) = -2*h**3 - 3*h + 1. Let p(n) = 5*d(n) + 3*u(n). Calculate p(3).
8
Let s(u) = -3*u**2 + 2*u + 1. Let c = 17 + -15. Let z(a) = -13*a**2 + 9*a + 4. Let b(h) = c*z(h) - 9*s(h). What is b(4)?
15
Let t(g) = g**3 - 4*g**2. Suppose -24 = -5*o - 2*p + p, -o - p + 8 = 0. Calculate t(o).
0
Let h(x) = -x**2 + 5*x + 1. Let p be h(5). Suppose -3*b + 7 = 2*i, -i - 3*i - p = b. Let f(y) = -y. Determine f(b).
-3
Let b(w) = 2*w**2 + 5*w + 4. Let x(n) = 1 - 3*n**2 + n**2 + 2*n + 0*n + 4*n**2 + n**3. Let d be x(-2). Determine b(d